 - 61*h**3 + 130*h**3 - 6*h**2. What is the tens digit of c(-8)?
4
What is the tens digit of ((-143)/66 - -3)/(1/(-3))*-334?
3
Let n(l) = 36*l**2 - 4*l + 1377. What is the tens digit of n(29)?
3
Suppose 0 = 7*m - 2*m + 5*x - 32240, 32226 = 5*m - 2*x. What is the units digit of m?
6
Let x(j) = -j**2 + 12*j - 28. Let a be x(12). Let k = a - -27. What is the units digit of 1 + (3 - -1) - 3/k?
8
Suppose -42*j = -52*j + 7500. What is the tens digit of j?
5
Let y = -67 - -74. Suppose t + 1 = -k, -5*t - 3*k + 13 = -y*k. What is the units digit of (43/15 - t)*-5*-24?
4
Let b = -14318 + 28012. What is the tens digit of b?
9
Let x = 1101 + 260. Suppose -4*n - 201 = -x. Let z = 411 - n. What is the units digit of z?
1
Suppose -4*l = 4*l + 5392. Let i be l/(-12) + 2/(-12). Suppose -80 - i = -2*v. What is the tens digit of v?
6
Let a(w) = -3*w + 20. Let p be a(6). Suppose -p*l + 5*b = -3*l + 33, -b - 35 = -5*l. Let z(h) = 2*h**2 - 5*h + 2. What is the units digit of z(l)?
0
Suppose -24*f + 5318 = 17246. Let w = f + 1300. What is the units digit of w?
3
Let o(g) be the first derivative of -29*g**4/12 - 5*g**3/3 + 31*g**2/2 - 21. Let x(l) be the second derivative of o(l). What is the hundreds digit of x(-4)?
2
What is the thousands digit of -131404*((-187)/(-22) + -9)?
5
What is the units digit of (-6)/(15/(31875/(-10)))?
5
Suppose -7*w - 25 + 11 = 0. What is the units digit of w/((-24)/60 - (-209)/535)?
4
Let q(i) = 1660*i + 2760. What is the thousands digit of q(16)?
9
What is the tens digit of (48/9 - 5) + 329560/42?
4
Let g(o) = -20*o**3 - 36*o**2 - 229*o - 15. What is the thousands digit of g(-8)?
9
Let b(v) = 3929*v + 15877. What is the thousands digit of b(9)?
1
Let c(l) = 77*l**2 - 19*l + 53. What is the thousands digit of c(-10)?
7
Suppose -2*g = -13 + 65. Let y = g + 22. Let b = y - -132. What is the units digit of b?
8
What is the thousands digit of (267/5)/((-7)/(-245))?
1
Let s = 31 + -26. Suppose 211 = s*y - 229. Suppose -4*n = 5*x - 244, 3*n + x - 106 = y. What is the tens digit of n?
6
Let q = -6488 + 13822. What is the thousands digit of q?
7
Let r be 72/(-12)*(-3)/(-9). What is the tens digit of ((-319)/(-2))/(r/(-4))?
1
Suppose 6969 + 16671 = 12*z. Suppose -r = -5*v + 1994, -23*r + 18*r + z = 5*v. What is the tens digit of v?
9
What is the thousands digit of (-1148)/63*-3*-354*(-12)/16?
4
Let g(t) = -2*t + 16. Let o be g(8). Suppose o*p - 243 = p. Let y = -110 - p. What is the hundreds digit of y?
1
Let l = -143 + 642. Let z = l - -950. What is the tens digit of z?
4
Suppose -25*f = -29*f + 7736. Let u = -1249 + f. What is the hundreds digit of u?
6
What is the thousands digit of -108364*8/(-16) + -22?
4
Suppose 64 = -3*v + 4*u, 2 = 2*v + 4*u + 58. Let z be (5 + 0)/((-4)/v). What is the tens digit of (75/(-2))/((-15)/z)?
7
Let b(d) = 438*d**2 - 60*d + 924. What is the units digit of b(11)?
2
Suppose 0 = 16*g - 21*g. Suppose -20*m + 1020 + 1140 = g. What is the units digit of m?
8
Suppose c + c + 4*k - 50 = 0, 5*c = 3*k + 86. Suppose -c*o + 21275 = 4*o. Suppose -18*g + o = -13*g. What is the hundreds digit of g?
1
Let r = -28 + 28. Suppose 3*v - 3 = u, 3*v + r*v + 69 = -5*u. What is the tens digit of 41/(-3*2/u)?
8
Let y = -53 - -46. Let z be 53*2/2*-1*y. Suppose 3*b - 3*m - z = 2*m, 4*b - 452 = -4*m. What is the units digit of b?
7
What is the hundreds digit of 20/(-2)*24196/(-4) - (-192 + 193)?
4
Let z = 76 + -31. Let u(f) = 5*f**3 + 5*f**2 + 2*f - 5. Let a be u(2). Let q = a + z. What is the tens digit of q?
0
What is the hundreds digit of (-4)/(-38) - ((-10)/(-12) - 12450925/570)?
8
Let h = 11961 - 6267. What is the tens digit of h?
9
Let d(k) = 2 - 3 - 15 - 7*k. Let o be d(-3). Suppose 4*h - 845 = -o*j, 2*j + 2*j - 672 = -4*h. What is the tens digit of j?
7
Let v(n) = -3*n**2 - 17*n + 15. Let j(b) = -3*b**2 - 17*b + 15. Let h = 60 + -63. Let m(w) = h*v(w) + 2*j(w). What is the units digit of m(-9)?
5
Let g be -1 + -1 + (-5 - 86/1). What is the hundreds digit of (-431)/(-3) - 31/g?
1
Let y be 32/64 - -2*7255/4. Suppose -y = -24*p + 9884. What is the tens digit of p?
6
Suppose -165 = 5*d - 5*j, -3*d - 50 = -5*j + 43. Suppose 3*x - 5 + 44 = 0. Let m = x - d. What is the units digit of m?
3
Let c = 71432 + -33866. What is the units digit of c?
6
Let k(j) = -72*j + 11 + 18 - 88 - 61 - 99. What is the thousands digit of k(-19)?
1
Let x(l) = -l**3 + 4*l**2 + 10*l + 21. Let m be x(6). Let b(n) = 49*n + 90. What is the tens digit of b(m)?
3
Suppose -30645 = -2*m + 5*a, -4*m + 50115 = -3*a - 11154. What is the ten thousands digit of m?
1
Suppose -202 = -2*p + 5*o, -4*p - o + 426 = -0*o. Let h = p - 7. What is the tens digit of h?
9
What is the tens digit of (-7 - -21) + -12 + (19209 - (1 + -1))?
1
Suppose -3*j - 72 = j. Let p be (-66)/(-36) + (-3)/j. What is the units digit of p - (-2 + -64) - (-2 + -2)?
2
Suppose 0 = -3*d + 2*n - 6*n + 25, -4*n = -16. Suppose 1 = -f, 2*y + 479 = 6*y - d*f. What is the units digit of y?
9
Suppose u - 62707 = -3*y, 0 = 44*u - 48*u + 16. What is the thousands digit of y?
0
Let m(s) = -401*s + 20. Let d be m(-1). Suppose 4*t + 16 = 0, 2*i - 1879 = 5*t - d. What is the tens digit of i?
1
Let d(w) be the second derivative of w**4/12 - 10*w**2 - 4*w. Let o be d(5). Suppose 0 = -0*k + 2*k + 2*i - 88, 0 = 5*i - o. What is the tens digit of k?
4
Let n = -6197 + 13147. What is the hundreds digit of n?
9
Let p(n) = -n**2 - 2*n + 8. Let i = 78 - 82. Let k be p(i). Suppose 5*c + 4*c - 27 = k. What is the units digit of c?
3
Suppose r + 21*r - 8052 = 0. Suppose u - r = -2*l + 2*u, 0 = -4*l + u + 728. What is the hundreds digit of l?
1
Suppose -4 - 2 = -2*z. Suppose -d - 4*d + k + 20 = 0, -2*d - z*k = -25. Suppose 0 = 3*w - 8*w + 25, d*w = -4*b + 145. What is the tens digit of b?
3
Suppose 140*l - 51*l = 69*l + 773720. What is the hundreds digit of l?
6
Suppose 3*q - 5*q + 13248 = 2*u, -3*u + 3*q + 19860 = 0. What is the thousands digit of u?
6
Let c = 510 + 204. What is the units digit of (c/(-24))/(388/(-96) + 4)?
4
Suppose 16*h - 109554 = 56374 + 25736. What is the hundreds digit of h?
9
Let b = -16907 - -24183. What is the units digit of b?
6
Suppose 25*k - 225625 = 20*k + 5*n, -4*k = -2*n - 180506. What is the ten thousands digit of k?
4
Let b = 73589 - 30187. What is the thousands digit of b?
3
Suppose 2*j + 2 - 4 = 0. Let n(d) = 35*d + 25*d + 6 + 36*d. What is the units digit of n(j)?
2
Let i(s) = -31*s - 22 + 38 + 35 + 81. What is the hundreds digit of i(-12)?
5
Let t(r) = r + 7. Let i be t(-5). Suppose -3*n = -3*y - i*y - 338, -3*y + 4*n = 205. Let k = 19 - y. What is the tens digit of k?
8
Suppose 3*v + 39 = -57. Let z = 110 - 109. What is the units digit of ((-2)/4)/(z/v)?
6
Let f be (1 + (-3 - -10))*13. Let j = -4 + 8. Suppose -2*a + 5*a - g = 88, 0 = j*a + 2*g - f. What is the tens digit of a?
2
Suppose 6*u + 4700 + 154 = 0. Let b = -373 - u. What is the hundreds digit of b?
4
Let q be (-6 - -3 - -3)/((-2)/2). Let x = 6 + q. Suppose 0 = x*m - 1051 + 265. What is the units digit of m?
1
Let v(n) = 11018*n**3 - 7*n**2 - n + 1. What is the units digit of v(1)?
1
Let h(l) = 71*l**3 - 2*l**2 + 3*l - 2. Let b be h(1). What is the hundreds digit of 9/(-126) - (-30805)/b?
4
Let d = 471 + 454. Suppose o - 36 = 3*w - d, 0 = 3*w + 3*o - 909. What is the tens digit of w?
9
Let w = -172 - -162. Let j(n) = 3*n**2 + 8*n - 28. What is the hundreds digit of j(w)?
1
Let z = 2732 - -2560. What is the thousands digit of z?
5
Let i(y) = -31 - 61*y**2 + 10*y - 2*y**3 - 24*y + 44*y**2. What is the thousands digit of i(-12)?
1
What is the units digit of (-8)/160*-8*30660/24?
1
Let j(x) be the second derivative of x**5/20 + 7*x**4/6 - 8*x**3/3 - x**2/2 + 38*x. Let f be j(-15). Suppose 19*i - f*i - 330 = 0. What is the tens digit of i?
6
Let l = 11933 + -2603. What is the units digit of l?
0
Suppose -4*d = -511 - 21. Let n = d - 72. Suppose 57*f - n*f = -924. What is the tens digit of f?
3
Let y(c) = 9*c**2 - 2*c - 2. Let i(a) = -a**2 + a. Let w(j) = 6*i(j) + y(j). Let s(z) = -752*z - 758. Let h be s(-1). What is the units digit of w(h)?
2
Suppose 4*s - t = 40, -4*s + 5*t + 40 = t. Suppose -15*b = -s*b - 190. What is the units digit of (-28)/7 + 1*b?
4
Let j(o) be the second derivative of -7*o**3/6 + 5*o**2/2 - 15*o. Let m be j(17). L